
222
In base 5, what is -3 + -410?
-413
In base 6, what is -112 - -3?
-105
In base 2, what is -110 - 101101110111?
-101101111101
In base 14, what is 7 - -1d2?
1d9
In base 13, what is -725 + -2?
-727
In base 15, what is 12 - -b?
1d
In base 8, what is 2 - 230?
-226
In base 11, what is 1 + 1a1?
1a2
In base 3, what is -12 + 10122101?
10122012
In base 4, what is -12 + 0?
-12
In base 10, what is -3 + -653?
-656
In base 6, what is 3 - -150?
153
In base 14, what is 496 - 5?
491
In base 11, what is 1 + 6950?
6951
In base 13, what is 11 - 66?
-55
In base 16, what is 1a - -3?
1d
In base 7, what is 15 - -22?
40
In base 16, what is -1416 + 1?
-1415
In base 7, what is 1135 - 25?
1110
In base 3, what is -2110 - -1?
-2102
In base 7, what is 4 + 201?
205
In base 16, what is 5d - -1?
5e
In base 16, what is 348 - -1f?
367
In base 15, what is -e + 5bc?
5ad
In base 12, what is 40 - -1a?
5a
In base 16, what is 49e - 2?
49c
In base 14, what is 3 - -27b?
280
In base 8, what is 0 + -462?
-462
In base 6, what is -1152 + 3?
-1145
In base 15, what is -7 + -1e2?
-1e9
In base 9, what is -4 - 1488?
-1503
In base 16, what is -171 + 16?
-15b
In base 7, what is 263 + -2?
261
In base 4, what is 200 - 301?
-101
In base 3, what is 2 + -10002?
-10000
In base 7, what is -10040 + -1?
-10041
In base 11, what is -123 + 4?
-11a
In base 5, what is 10203 - 3?
10200
In base 16, what is 0 - 7e2?
-7e2
In base 7, what is 5 + 4040?
4045
In base 13, what is -1a6 - 4?
-1aa
In base 7, what is -4 - -52?
45
In base 8, what is -4 - 30?
-34
In base 16, what is 55 + e?
63
In base 14, what is -2a - -1?
-29
In base 13, what is 0 - b41?
-b41
In base 9, what is 7 + 0?
7
In base 14, what is 74 + 3?
77
In base 8, what is -114 - -6?
-106
In base 4, what is -2123 + 132?
-1331
In base 7, what is -101 - -1?
-100
In base 8, what is -1050 - -4?
-1044
In base 5, what is 32 - -11?
43
In base 8, what is -2 - -7?
5
In base 8, what is 1106 + -1?
1105
In base 11, what is 8 + -25?
-18
In base 9, what is -4 - 72?
-76
In base 3, what is 111021 + -1?
111020
In base 4, what is -11311 - 0?
-11311
In base 11, what is -3 + 268?
265
In base 9, what is 6 - 3830?
-3823
In base 13, what is 25a1 - -3?
25a4
In base 15, what is 19b9c + 2?
19b9e
In base 5, what is -2 - 112?
-114
In base 15, what is 8 - -28d?
296
In base 14, what is 2 - -1319?
131b
In base 12, what is -159a + 4?
-1596
In base 14, what is -12a4 - 4?
-12a8
In base 13, what is c + -35?
-26
In base 2, what is 0 - 1000010110010?
-1000010110010
In base 8, what is 245 + -1?
244
In base 10, what is 9 - 69?
-60
In base 9, what is -1211 + 15?
-1185
In base 16, what is 7f4 - -4?
7f8
In base 10, what is 39 - 0?
39
In base 4, what is 1 + -102?
-101
In base 4, what is -1 + -12?
-13
In base 2, what is 1101101 + -100?
1101001
In base 4, what is -30 - 1?
-31
In base 4, what is -31 - 3?
-100
In base 3, what is 20100 - -1?
20101
In base 14, what is -1 - -1a82?
1a81
In base 11, what is 413 - 4?
40a
In base 12, what is 3 + -23?
-20
In base 14, what is -2 - -29?
27
In base 10, what is -1 - 627?
-628
In base 11, what is 1618 + -2?
1616
In base 3, what is -22221 + 12?
-22202
In base 12, what is 1 - -194?
195
In base 7, what is -105 - -4?
-101
In base 3, what is -1 - -11121?
11120
In base 11, what is -27 - -13?
-14
In base 11, what is -7647 - 1?
-7648
In base 11, what is 206a - -2?
2071
In base 3, what is 100 - 12021?
-11221
In base 4, what is -3 + -21?
-30
In base 10, what is 1 - 2977?
-2976
In base 12, what is 82 - -43?
105
In base 10, what is -1015 + 4?
-1011
In base 12, what is -246 - 3?
-249
In base 3, what is 11 + 110?
121
In base 3, what is -21121 + 0?
-21121
In base 8, what is -14 - -7?
-5
In base 15, what is -960 + -6?
-966
In base 4, what is 221 + -2111?
-1230
In base 14, what is -9 + -62?
-6b
In base 15, what is -7 - 178?
-180
In base 7, what is -4 - -6?
2
In base 14, what is -d - -3b?
2c
In base 4, what is 1302133 + 10?
1302203
In base 5, what is 1334 + 2?
1341
In base 10, what is 12 - 17?
-5
In base 8, what is -1456 + 15?
-1441
In base 7, what is 4 + 10353?
10360
In base 12, what is -aa0 + 4?
-a98
In base 15, what is -1da - 2?
-1dc
In base 10, what is -26 - -41?
15
In base 2, what is -1 + -1010011?
-1010100
In base 6, what is 10455 - -5?
10504
In base 2, what is 100 + 100000000?
100000100
In base 4, what is -3 - -231?
222
In base 6, what is -1422 + 4?
-1414
In base 8, what is -20 - -11?
-7
In base 16, what is 89f + -3?
89c
In base 7, what is -15 + -111?
-126
In base 4, what is -33130 - 11?
-33201
In base 4, what is -1102 - 10?
-1112
In base 3, what is -22 + 11221?
11122
In base 2, what is -11011 + -101010101?
-101110000
In base 10, what is -1 - -2087?
2086
In base 8, what is 2 - 2007?
-2005
In base 8, what is 15 - -1633?
1650
In base 12, what is -16b - -6?
-165
In base 15, what is -277 - 3?
-27a
In base 3, what is 10 + 221212?
221222
In base 15, what is -8 - 3b?
-44
In base 16, what is 15 - 1d8?
-1c3
In base 13, what is -27 - 16?
-40
In base 7, what is -132 - -154?
22
In base 13, what is 46 - 13?
33
In base 7, what is 13663 + -5?
13655
In base 4, what is -11 - 23?
-100
In base 10, what is 3 - -1?
4
In base 8, what is -21 - 1?
-22
In base 5, what is 43200 + 4?
43204
In base 6, what is 4 + -4242?
-4234
In base 16, what is d8 + 3?
db
In base 15, what is -4 - 3e?
-43
In base 5, what is 14 - -32?
101
In base 10, what is 4197 - 2?
4195
In base 14, what is 27 + -5a?
-33
In base 3, what is -2210 - -12?
-2121
In base 2, what is 111 - -1001?
10000
In base 12, what is 10 - 1a?
-a
In base 7, what is -4 + -2134?
-2141
In base 9, what is 6 - -3?
10
In base 13, what is -c + -bc?
-cb
In base 9, what is -1 + 466?
465
In base 12, what is -15 - 24?
-39
In base 16, what is -35 + -3?
-38
In base 12, what is -1356 - 2?
-1358
In base 10, what is -2 + 161?
159
In base 2, what is -11 + 1010101?
1010010
In base 5, what is 2113 - 41?
2022
In base 9, what is -2 + -25?
-27
In base 12, what is -17 + -17?
-32
In base 5, what is 231 + 10?
241
In base 5, what is -134301 - 4?
-134310
In base 6, what is 4313 + 4?
4321
In base 16, what is 4 + -c6c?
-c68
In base 13, what is 2c + 1?
30
In base 15, what is -17 - 74?
-8b
In base 14, what is -2 - 700?
-702
In base 16, what is -3 + 20?
1d
In base 4, what is -2310 + -32?
-3002
In base 16, what is 1593 + -2?
1591
In base 2, what is 1110111001100 + 101?
1110111010001
In base 14, what is -5 - -15?
10
In base 2, what is -11 - 10010?
-10101
In base 9, what is -53 + 1?
-52
In base 9, what is -33338 - 3?
-33342
In base 11, what is -4 + 2740?
2737
In base 11, what is 2 - -1961?
1963
In base 15, what is -5 + -2?
-7
In base 8, what is 6 + 24?
32
In base 10, what is 1 + -19?
-18
In base 15, what is -5 + -1d?
-23
In base 12, what is -22 + 3?
-1b
In base 9, what is -7 - -361?
353
In base 10, what is -71 - 2?
-73
In base 7, what is 15 + 3?
21
In base 13, what is 83 + a?
90
In base 7, what is -206 - -2?
-204
In base 6, what is 2 - 153?
-151
In base 2, what is -1 + -1000110?
-1000111
In base 15, what is -3 - -5d?
5a
In base 4, what is 11 - -2103?
2120
In base 8, what is 7 - -31?
40
In base 15, what is -8a1 + -2?
-8a3
In base 16, what is 2 - 0?
2
In base 4, what is -2 - 2003?
-2011
In base 9, what is -6 + 5?
-1
In base 7, what is -4 - 345?
-352
In base 12, what is 18 + 72?
8a
In base 3, what is -1001101 + -1?
-1001102
In base 5, what is -20 + 10?
-10
In base 13, what is -331 + -3?
-334
In base 12, what is ba - 1?
b9
In base 10, what is -11 - -2?
-9
In base 7, what is -6 - -21261?
21252
In base 11, what is 20 - -18?
38
In base 14, what is 12 + a10?
a22
In base 5, what is -10202 - -3?
-10144
In base 16, what is 4 + 6c4?
6c8
In base 4, what is 2200 - 3?
2131
In base 8, what is 14311 - -2?
14313
In base 14, what is 5 - -2244?
2249
In base 6, what is 225524 - 3?
225521
In base 8, what is 3 + -170?
-165
In base 5, what is -440 - -10?
-430
In base 4, what is 0 - -313?
313
In base 7, what is 5 + 2036?
2044
In base 10, what is 16 - 325?
-309
In base 9, what is 337 - -18?
356
In base 5, what is -1200 + -3?
-1203
In base 10, what is 2102 - 1?
2101
In base 5, what is 1341 - -10?
1401
In base 4, what is 12 + 31?
103
In base 5, what is 2 - 22141?
-22134
In base 16, what is 4e - -5?
53
In base 9, what is 28 + 6?
35
In base 3, what is 121000 - -1222?
122222
In base 12, what is -572 + -5?
-577
In bas